{"id":2592,"date":"2024-08-16T16:51:25","date_gmt":"2024-08-16T14:51:25","guid":{"rendered":"https:\/\/sport-alencon.fr\/?page_id=2592"},"modified":"2024-08-16T16:56:08","modified_gmt":"2024-08-16T14:56:08","slug":"marche-nordique","status":"publish","type":"page","link":"https:\/\/sport-alencon.fr\/index.php\/marche-nordique\/","title":{"rendered":"Marche Nordique"},"content":{"rendered":"\t\t<div data-elementor-type=\"wp-page\" data-elementor-id=\"2592\" class=\"elementor elementor-2592\" data-elementor-post-type=\"page\">\n\t\t\t\t\t\t<section class=\"elementor-section elementor-top-section elementor-element elementor-element-da5925c elementor-section-boxed elementor-section-height-default elementor-section-height-default\" data-id=\"da5925c\" data-element_type=\"section\">\n\t\t\t\t\t\t<div class=\"elementor-container elementor-column-gap-default\">\n\t\t\t\t\t<div class=\"elementor-column elementor-col-100 elementor-top-column elementor-element elementor-element-14ee2d9\" data-id=\"14ee2d9\" data-element_type=\"column\">\n\t\t\t<div class=\"elementor-widget-wrap elementor-element-populated\">\n\t\t\t\t\t\t<div class=\"elementor-element elementor-element-34b7691 elementor-widget elementor-widget-image\" data-id=\"34b7691\" data-element_type=\"widget\" data-widget_type=\"image.default\">\n\t\t\t\t<div class=\"elementor-widget-container\">\n\t\t\t\t\t\t\t\t\t\t\t\t\t<img fetchpriority=\"high\" decoding=\"async\" width=\"225\" height=\"300\" src=\"https:\/\/sport-alencon.fr\/wp-content\/uploads\/2024\/08\/Marche-nordique-en-foret-225x300.jpeg\" class=\"attachment-medium size-medium wp-image-2311\" alt=\"\" srcset=\"https:\/\/sport-alencon.fr\/wp-content\/uploads\/2024\/08\/Marche-nordique-en-foret-225x300.jpeg 225w, https:\/\/sport-alencon.fr\/wp-content\/uploads\/2024\/08\/Marche-nordique-en-foret-rotated.jpeg 360w\" sizes=\"(max-width: 225px) 100vw, 225px\" \/>\t\t\t\t\t\t\t\t\t\t\t\t\t<\/div>\n\t\t\t\t<\/div>\n\t\t\t\t<div class=\"elementor-element elementor-element-9d1a0e0 elementor-widget elementor-widget-heading\" data-id=\"9d1a0e0\" data-element_type=\"widget\" data-widget_type=\"heading.default\">\n\t\t\t\t<div class=\"elementor-widget-container\">\n\t\t\t<h2 class=\"elementor-heading-title elementor-size-default\">Marche Nordique \u00e0 Alen\u00e7on avec l'ASTMNA<\/h2>\t\t<\/div>\n\t\t\t\t<\/div>\n\t\t\t\t<div class=\"elementor-element elementor-element-3462393 elementor-widget elementor-widget-text-editor\" data-id=\"3462393\" data-element_type=\"widget\" data-widget_type=\"text-editor.default\">\n\t\t\t\t<div class=\"elementor-widget-container\">\n\t\t\t\t\t\t\t<p>Bienvenue sur notre page d\u00e9di\u00e9e \u00e0 la Marche Nordique ! D\u00e9couvrez cette activit\u00e9 physique compl\u00e8te qui allie sport et nature pour le plus grand plaisir des amateurs de plein air. Rejoignez l&rsquo;ASTMNA \u00e0 Alen\u00e7on pour des sorties de marche nordique enrichissantes et vivifiantes.<\/p>\t\t\t\t\t\t<\/div>\n\t\t\t\t<\/div>\n\t\t\t\t<div class=\"elementor-element elementor-element-0fd0234 elementor-widget elementor-widget-heading\" data-id=\"0fd0234\" data-element_type=\"widget\" data-widget_type=\"heading.default\">\n\t\t\t\t<div class=\"elementor-widget-container\">\n\t\t\t<h2 class=\"elementor-heading-title elementor-size-default\">Pourquoi choisir la Marche Nordique avec l'ASTMNA?<\/h2>\t\t<\/div>\n\t\t\t\t<\/div>\n\t\t\t\t<div class=\"elementor-element elementor-element-562862d elementor-widget elementor-widget-heading\" data-id=\"562862d\" data-element_type=\"widget\" data-widget_type=\"heading.default\">\n\t\t\t\t<div class=\"elementor-widget-container\">\n\t\t\t<h2 class=\"elementor-heading-title elementor-size-default\">Une activit\u00e9 compl\u00e8te et accessible \u00e0 tous<\/h2>\t\t<\/div>\n\t\t\t\t<\/div>\n\t\t\t\t<div class=\"elementor-element elementor-element-ef921b6 elementor-widget elementor-widget-text-editor\" data-id=\"ef921b6\" data-element_type=\"widget\" data-widget_type=\"text-editor.default\">\n\t\t\t\t<div class=\"elementor-widget-container\">\n\t\t\t\t\t\t\t<p>La marche nordique est une discipline qui fait travailler tout le corps gr\u00e2ce \u00e0 l&rsquo;utilisation de b\u00e2tons sp\u00e9cifiques. Elle am\u00e9liore l&rsquo;endurance, la force musculaire et la coordination tout en \u00e9tant douce pour les articulations. Que vous soyez d\u00e9butant ou pratiquant confirm\u00e9, cette activit\u00e9 est accessible \u00e0 tous et s&rsquo;adapte \u00e0 tous les niveaux.<\/p>\t\t\t\t\t\t<\/div>\n\t\t\t\t<\/div>\n\t\t\t\t<div class=\"elementor-element elementor-element-373da11 elementor-widget elementor-widget-heading\" data-id=\"373da11\" data-element_type=\"widget\" data-widget_type=\"heading.default\">\n\t\t\t\t<div class=\"elementor-widget-container\">\n\t\t\t<h2 class=\"elementor-heading-title elementor-size-default\">Un moyen de d\u00e9couvrir la nature<\/h2>\t\t<\/div>\n\t\t\t\t<\/div>\n\t\t\t\t<div class=\"elementor-element elementor-element-8cf95aa elementor-widget elementor-widget-text-editor\" data-id=\"8cf95aa\" data-element_type=\"widget\" data-widget_type=\"text-editor.default\">\n\t\t\t\t<div class=\"elementor-widget-container\">\n\t\t\t\t\t\t\t<p>Profitez de la beaut\u00e9 des paysages d&rsquo;Alen\u00e7on et de ses environs lors de nos sorties de marche nordique. C&rsquo;est une occasion parfaite pour se reconnecter avec la nature, respirer l&rsquo;air frais, explorer des sentiers pittoresques tout en faisant de l&rsquo;exercice et pratiquer ce sport sant\u00e9.<\/p>\t\t\t\t\t\t<\/div>\n\t\t\t\t<\/div>\n\t\t\t\t<div class=\"elementor-element elementor-element-d56398d elementor-widget elementor-widget-heading\" data-id=\"d56398d\" data-element_type=\"widget\" data-widget_type=\"heading.default\">\n\t\t\t\t<div class=\"elementor-widget-container\">\n\t\t\t<h2 class=\"elementor-heading-title elementor-size-default\">Des bienfaits pour la sant\u00e9<\/h2>\t\t<\/div>\n\t\t\t\t<\/div>\n\t\t\t\t<div class=\"elementor-element elementor-element-3e590cc elementor-widget elementor-widget-text-editor\" data-id=\"3e590cc\" data-element_type=\"widget\" data-widget_type=\"text-editor.default\">\n\t\t\t\t<div class=\"elementor-widget-container\">\n\t\t\t\t\t\t\t<p>La marche nordique offre de nombreux bienfaits pour la sant\u00e9. Elle permet de renforcer le syst\u00e8me cardiovasculaire, d&rsquo;am\u00e9liorer la posture et de tonifier l&rsquo;ensemble du corps. En pratiquant r\u00e9guli\u00e8rement, vous ressentirez une am\u00e9lioration de votre condition physique g\u00e9n\u00e9rale et de votre bien-\u00eatre mental.<\/p>\t\t\t\t\t\t<\/div>\n\t\t\t\t<\/div>\n\t\t\t\t<div class=\"elementor-element elementor-element-97d77cf elementor-widget elementor-widget-heading\" data-id=\"97d77cf\" data-element_type=\"widget\" data-widget_type=\"heading.default\">\n\t\t\t\t<div class=\"elementor-widget-container\">\n\t\t\t<h2 class=\"elementor-heading-title elementor-size-default\">Encadr\u00e9 par des professionnels<\/h2>\t\t<\/div>\n\t\t\t\t<\/div>\n\t\t\t\t<div class=\"elementor-element elementor-element-06f8c15 elementor-widget elementor-widget-text-editor\" data-id=\"06f8c15\" data-element_type=\"widget\" data-widget_type=\"text-editor.default\">\n\t\t\t\t<div class=\"elementor-widget-container\">\n\t\t\t\t\t\t\t<p>Nos sorties de marche nordique sont encadr\u00e9es par des instructeurs qualifi\u00e9s et passionn\u00e9s. Ils vous enseigneront la technique correcte pour maximiser les bienfaits de l&rsquo;activit\u00e9 et \u00e9viter les blessures. Leur approche p\u00e9dagogique et bienveillante vous permettra de progresser \u00e0 votre rythme et en toute s\u00e9curit\u00e9.<\/p>\t\t\t\t\t\t<\/div>\n\t\t\t\t<\/div>\n\t\t\t\t<div class=\"elementor-element elementor-element-4be259b elementor-widget elementor-widget-heading\" data-id=\"4be259b\" data-element_type=\"widget\" data-widget_type=\"heading.default\">\n\t\t\t\t<div class=\"elementor-widget-container\">\n\t\t\t<h2 class=\"elementor-heading-title elementor-size-default\">Une activit\u00e9 conviviale et sociale<\/h2>\t\t<\/div>\n\t\t\t\t<\/div>\n\t\t\t\t<div class=\"elementor-element elementor-element-f153a17 elementor-widget elementor-widget-text-editor\" data-id=\"f153a17\" data-element_type=\"widget\" data-widget_type=\"text-editor.default\">\n\t\t\t\t<div class=\"elementor-widget-container\">\n\t\t\t\t\t\t\t<p>Rejoindre nos s\u00e9ances de marche nordique, c&rsquo;est int\u00e9grer un groupe chaleureux et motiv\u00e9. Partagez des moments agr\u00e9ables et faites de nouvelles rencontres tout en pratiquant une activit\u00e9 physique. La marche nordique est une excellente fa\u00e7on de renforcer les liens sociaux et de passer du bon temps en bonne compagnie.<\/p>\t\t\t\t\t\t<\/div>\n\t\t\t\t<\/div>\n\t\t\t\t<div class=\"elementor-element elementor-element-8c41486 elementor-widget elementor-widget-heading\" data-id=\"8c41486\" data-element_type=\"widget\" data-widget_type=\"heading.default\">\n\t\t\t\t<div class=\"elementor-widget-container\">\n\t\t\t<h2 class=\"elementor-heading-title elementor-size-default\">Nos sessions de Marche Nordique<\/h2>\t\t<\/div>\n\t\t\t\t<\/div>\n\t\t\t\t<div class=\"elementor-element elementor-element-a15323b elementor-widget elementor-widget-text-editor\" data-id=\"a15323b\" data-element_type=\"widget\" data-widget_type=\"text-editor.default\">\n\t\t\t\t<div class=\"elementor-widget-container\">\n\t\t\t\t\t\t\t<ul><li><strong>Sorties Matinales<\/strong><br \/>Commencez votre journ\u00e9e du bon pied avec nos sorties matinales. Une excellente fa\u00e7on de r\u00e9veiller votre corps et d&rsquo;installer une \u00e9nergie positive pour la journ\u00e9e.<\/li><li><strong>Sorties Apr\u00e8s-Midi<\/strong><br \/>Profitez de l&rsquo;apr\u00e8s-midi pour une pause active et revitalisante. Nos sorties de l&rsquo;apr\u00e8s-midi vous permettront de rel\u00e2cher les tensions et de profiter des paysages environnants.<\/li><li><strong>Sorties du Week-end<\/strong><br \/>Accordez-vous du temps pour vous avec nos sessions sp\u00e9ciales du week-end. Id\u00e9ales pour explorer de nouveaux itin\u00e9raires et d\u00e9couvrir des coins de nature pr\u00e9serv\u00e9s.<\/li><\/ul>\t\t\t\t\t\t<\/div>\n\t\t\t\t<\/div>\n\t\t\t\t<div class=\"elementor-element elementor-element-cc64ddc elementor-widget elementor-widget-heading\" data-id=\"cc64ddc\" data-element_type=\"widget\" data-widget_type=\"heading.default\">\n\t\t\t\t<div class=\"elementor-widget-container\">\n\t\t\t<h2 class=\"elementor-heading-title elementor-size-default\">Rejoignez-nous !<\/h2>\t\t<\/div>\n\t\t\t\t<\/div>\n\t\t\t\t<div class=\"elementor-element elementor-element-d299737 elementor-widget elementor-widget-text-editor\" data-id=\"d299737\" data-element_type=\"widget\" data-widget_type=\"text-editor.default\">\n\t\t\t\t<div class=\"elementor-widget-container\">\n\t\t\t\t\t\t\t<p>Envie de d\u00e9couvrir les bienfaits de la Marche Nordique et de profiter de la nature \u00e0 Alen\u00e7on ? Inscrivez-vous d\u00e8s maintenant \u00e0 nos sorties et laissez-vous guider par nos experts. L&rsquo;ASTMNA vous accueille dans un cadre convivial et inspirant, propice \u00e0 l&rsquo;activit\u00e9 physique et \u00e0 la d\u00e9tente.<\/p><p>Pour plus d&rsquo;informations, n&rsquo;h\u00e9sitez pas \u00e0 nous contacter ou \u00e0 nous rendre visite. Nous serons ravis de r\u00e9pondre \u00e0 vos questions et de vous aider \u00e0 trouver la s\u00e9ance qui vous convient le mieux<\/p>\t\t\t\t\t\t<\/div>\n\t\t\t\t<\/div>\n\t\t\t\t<div class=\"elementor-element elementor-element-a7ace97 elementor-widget elementor-widget-heading\" data-id=\"a7ace97\" data-element_type=\"widget\" data-widget_type=\"heading.default\">\n\t\t\t\t<div class=\"elementor-widget-container\">\n\t\t\t<h2 class=\"elementor-heading-title elementor-size-default\">Contactez-nous<\/h2>\t\t<\/div>\n\t\t\t\t<\/div>\n\t\t\t\t<div class=\"elementor-element elementor-element-f1b8e10 elementor-widget elementor-widget-text-editor\" data-id=\"f1b8e10\" data-element_type=\"widget\" data-widget_type=\"text-editor.default\">\n\t\t\t\t<div class=\"elementor-widget-container\">\n\t\t\t\t\t\t\t<ul><li>Email : astmna.61000@gmail.com<\/li><li>T\u00e9l\u00e9phone : 06 74 35 34 89<\/li><\/ul>\t\t\t\t\t\t<\/div>\n\t\t\t\t<\/div>\n\t\t\t\t\t<\/div>\n\t\t<\/div>\n\t\t\t\t\t<\/div>\n\t\t<\/section>\n\t\t\t\t<\/div>\n\t\t","protected":false},"excerpt":{"rendered":"<p>Marche Nordique \u00e0 Alen\u00e7on avec l&rsquo;ASTMNA Bienvenue sur notre page d\u00e9di\u00e9e \u00e0 la Marche Nordique ! D\u00e9couvrez cette activit\u00e9 physique compl\u00e8te qui allie sport et nature pour le plus grand plaisir des amateurs de plein air. Rejoignez l&rsquo;ASTMNA \u00e0 Alen\u00e7on pour des sorties de marche nordique enrichissantes et vivifiantes. Pourquoi choisir la Marche Nordique avec [&hellip;]<\/p>\n","protected":false},"author":1,"featured_media":0,"parent":0,"menu_order":0,"comment_status":"closed","ping_status":"closed","template":"","meta":{"footnotes":""},"yoast_head":"<!-- This site is optimized with the Yoast SEO plugin v23.2 - https:\/\/yoast.com\/wordpress\/plugins\/seo\/ -->\n<title>Marche Nordique - ASTMNA<\/title>\n<meta name=\"robots\" content=\"index, follow, max-snippet:-1, max-image-preview:large, max-video-preview:-1\" \/>\n<link rel=\"canonical\" href=\"https:\/\/sport-alencon.fr\/index.php\/marche-nordique\/\" \/>\n<meta property=\"og:locale\" content=\"fr_FR\" \/>\n<meta property=\"og:type\" content=\"article\" \/>\n<meta property=\"og:title\" content=\"Marche Nordique - ASTMNA\" \/>\n<meta property=\"og:description\" content=\"Marche Nordique \u00e0 Alen\u00e7on avec l&rsquo;ASTMNA Bienvenue sur notre page d\u00e9di\u00e9e \u00e0 la Marche Nordique ! D\u00e9couvrez cette activit\u00e9 physique compl\u00e8te qui allie sport et nature pour le plus grand plaisir des amateurs de plein air. Rejoignez l&rsquo;ASTMNA \u00e0 Alen\u00e7on pour des sorties de marche nordique enrichissantes et vivifiantes. Pourquoi choisir la Marche Nordique avec [&hellip;]\" \/>\n<meta property=\"og:url\" content=\"https:\/\/sport-alencon.fr\/index.php\/marche-nordique\/\" \/>\n<meta property=\"og:site_name\" content=\"ASTMNA\" \/>\n<meta property=\"article:publisher\" content=\"https:\/\/facebook.com\/yoast\" \/>\n<meta property=\"article:modified_time\" content=\"2024-08-16T14:56:08+00:00\" \/>\n<meta property=\"og:image\" content=\"https:\/\/sport-alencon.fr\/wp-content\/uploads\/2024\/08\/Marche-nordique-en-foret-225x300.jpeg\" \/>\n<meta name=\"twitter:card\" content=\"summary_large_image\" \/>\n<meta name=\"twitter:label1\" content=\"Dur\u00e9e de lecture estim\u00e9e\" \/>\n\t<meta name=\"twitter:data1\" content=\"3 minutes\" \/>\n<script type=\"application\/ld+json\" class=\"yoast-schema-graph\">{\"@context\":\"https:\/\/schema.org\",\"@graph\":[{\"@type\":\"WebPage\",\"@id\":\"https:\/\/sport-alencon.fr\/index.php\/marche-nordique\/\",\"url\":\"https:\/\/sport-alencon.fr\/index.php\/marche-nordique\/\",\"name\":\"Marche Nordique - ASTMNA\",\"isPartOf\":{\"@id\":\"https:\/\/sport-alencon.fr\/#website\"},\"primaryImageOfPage\":{\"@id\":\"https:\/\/sport-alencon.fr\/index.php\/marche-nordique\/#primaryimage\"},\"image\":{\"@id\":\"https:\/\/sport-alencon.fr\/index.php\/marche-nordique\/#primaryimage\"},\"thumbnailUrl\":\"https:\/\/sport-alencon.fr\/wp-content\/uploads\/2024\/08\/Marche-nordique-en-foret-225x300.jpeg\",\"datePublished\":\"2024-08-16T14:51:25+00:00\",\"dateModified\":\"2024-08-16T14:56:08+00:00\",\"breadcrumb\":{\"@id\":\"https:\/\/sport-alencon.fr\/index.php\/marche-nordique\/#breadcrumb\"},\"inLanguage\":\"fr-FR\",\"potentialAction\":[{\"@type\":\"ReadAction\",\"target\":[\"https:\/\/sport-alencon.fr\/index.php\/marche-nordique\/\"]}]},{\"@type\":\"ImageObject\",\"inLanguage\":\"fr-FR\",\"@id\":\"https:\/\/sport-alencon.fr\/index.php\/marche-nordique\/#primaryimage\",\"url\":\"https:\/\/sport-alencon.fr\/wp-content\/uploads\/2024\/08\/Marche-nordique-en-foret-rotated.jpeg\",\"contentUrl\":\"https:\/\/sport-alencon.fr\/wp-content\/uploads\/2024\/08\/Marche-nordique-en-foret-rotated.jpeg\",\"width\":360,\"height\":480},{\"@type\":\"BreadcrumbList\",\"@id\":\"https:\/\/sport-alencon.fr\/index.php\/marche-nordique\/#breadcrumb\",\"itemListElement\":[{\"@type\":\"ListItem\",\"position\":1,\"name\":\"Accueil\",\"item\":\"https:\/\/sport-alencon.fr\/\"},{\"@type\":\"ListItem\",\"position\":2,\"name\":\"Marche Nordique\"}]},{\"@type\":\"WebSite\",\"@id\":\"https:\/\/sport-alencon.fr\/#website\",\"url\":\"https:\/\/sport-alencon.fr\/\",\"name\":\"ASTMNA\",\"description\":\"Club FSGT Multi-activit\u00e9s \u00e0 Alen\u00e7on\",\"publisher\":{\"@id\":\"https:\/\/sport-alencon.fr\/#organization\"},\"potentialAction\":[{\"@type\":\"SearchAction\",\"target\":{\"@type\":\"EntryPoint\",\"urlTemplate\":\"https:\/\/sport-alencon.fr\/?s={search_term_string}\"},\"query-input\":\"required name=search_term_string\"}],\"inLanguage\":\"fr-FR\"},{\"@type\":\"Organization\",\"@id\":\"https:\/\/sport-alencon.fr\/#organization\",\"name\":\"ASTMNA\",\"url\":\"https:\/\/sport-alencon.fr\/\",\"logo\":{\"@type\":\"ImageObject\",\"inLanguage\":\"fr-FR\",\"@id\":\"https:\/\/sport-alencon.fr\/#\/schema\/logo\/image\/\",\"url\":\"https:\/\/sport-alencon.fr\/wp-content\/uploads\/2021\/03\/20220711140221.png\",\"contentUrl\":\"https:\/\/sport-alencon.fr\/wp-content\/uploads\/2021\/03\/20220711140221.png\",\"width\":500,\"height\":510,\"caption\":\"ASTMNA\"},\"image\":{\"@id\":\"https:\/\/sport-alencon.fr\/#\/schema\/logo\/image\/\"},\"sameAs\":[\"https:\/\/facebook.com\/yoast\"]}]}<\/script>\n<!-- \/ Yoast SEO plugin. -->","yoast_head_json":{"title":"Marche Nordique - ASTMNA","robots":{"index":"index","follow":"follow","max-snippet":"max-snippet:-1","max-image-preview":"max-image-preview:large","max-video-preview":"max-video-preview:-1"},"canonical":"https:\/\/sport-alencon.fr\/index.php\/marche-nordique\/","og_locale":"fr_FR","og_type":"article","og_title":"Marche Nordique - ASTMNA","og_description":"Marche Nordique \u00e0 Alen\u00e7on avec l&rsquo;ASTMNA Bienvenue sur notre page d\u00e9di\u00e9e \u00e0 la Marche Nordique ! D\u00e9couvrez cette activit\u00e9 physique compl\u00e8te qui allie sport et nature pour le plus grand plaisir des amateurs de plein air. Rejoignez l&rsquo;ASTMNA \u00e0 Alen\u00e7on pour des sorties de marche nordique enrichissantes et vivifiantes. Pourquoi choisir la Marche Nordique avec [&hellip;]","og_url":"https:\/\/sport-alencon.fr\/index.php\/marche-nordique\/","og_site_name":"ASTMNA","article_publisher":"https:\/\/facebook.com\/yoast","article_modified_time":"2024-08-16T14:56:08+00:00","og_image":[{"url":"https:\/\/sport-alencon.fr\/wp-content\/uploads\/2024\/08\/Marche-nordique-en-foret-225x300.jpeg"}],"twitter_card":"summary_large_image","twitter_misc":{"Dur\u00e9e de lecture estim\u00e9e":"3 minutes"},"schema":{"@context":"https:\/\/schema.org","@graph":[{"@type":"WebPage","@id":"https:\/\/sport-alencon.fr\/index.php\/marche-nordique\/","url":"https:\/\/sport-alencon.fr\/index.php\/marche-nordique\/","name":"Marche Nordique - ASTMNA","isPartOf":{"@id":"https:\/\/sport-alencon.fr\/#website"},"primaryImageOfPage":{"@id":"https:\/\/sport-alencon.fr\/index.php\/marche-nordique\/#primaryimage"},"image":{"@id":"https:\/\/sport-alencon.fr\/index.php\/marche-nordique\/#primaryimage"},"thumbnailUrl":"https:\/\/sport-alencon.fr\/wp-content\/uploads\/2024\/08\/Marche-nordique-en-foret-225x300.jpeg","datePublished":"2024-08-16T14:51:25+00:00","dateModified":"2024-08-16T14:56:08+00:00","breadcrumb":{"@id":"https:\/\/sport-alencon.fr\/index.php\/marche-nordique\/#breadcrumb"},"inLanguage":"fr-FR","potentialAction":[{"@type":"ReadAction","target":["https:\/\/sport-alencon.fr\/index.php\/marche-nordique\/"]}]},{"@type":"ImageObject","inLanguage":"fr-FR","@id":"https:\/\/sport-alencon.fr\/index.php\/marche-nordique\/#primaryimage","url":"https:\/\/sport-alencon.fr\/wp-content\/uploads\/2024\/08\/Marche-nordique-en-foret-rotated.jpeg","contentUrl":"https:\/\/sport-alencon.fr\/wp-content\/uploads\/2024\/08\/Marche-nordique-en-foret-rotated.jpeg","width":360,"height":480},{"@type":"BreadcrumbList","@id":"https:\/\/sport-alencon.fr\/index.php\/marche-nordique\/#breadcrumb","itemListElement":[{"@type":"ListItem","position":1,"name":"Accueil","item":"https:\/\/sport-alencon.fr\/"},{"@type":"ListItem","position":2,"name":"Marche Nordique"}]},{"@type":"WebSite","@id":"https:\/\/sport-alencon.fr\/#website","url":"https:\/\/sport-alencon.fr\/","name":"ASTMNA","description":"Club FSGT Multi-activit\u00e9s \u00e0 Alen\u00e7on","publisher":{"@id":"https:\/\/sport-alencon.fr\/#organization"},"potentialAction":[{"@type":"SearchAction","target":{"@type":"EntryPoint","urlTemplate":"https:\/\/sport-alencon.fr\/?s={search_term_string}"},"query-input":"required name=search_term_string"}],"inLanguage":"fr-FR"},{"@type":"Organization","@id":"https:\/\/sport-alencon.fr\/#organization","name":"ASTMNA","url":"https:\/\/sport-alencon.fr\/","logo":{"@type":"ImageObject","inLanguage":"fr-FR","@id":"https:\/\/sport-alencon.fr\/#\/schema\/logo\/image\/","url":"https:\/\/sport-alencon.fr\/wp-content\/uploads\/2021\/03\/20220711140221.png","contentUrl":"https:\/\/sport-alencon.fr\/wp-content\/uploads\/2021\/03\/20220711140221.png","width":500,"height":510,"caption":"ASTMNA"},"image":{"@id":"https:\/\/sport-alencon.fr\/#\/schema\/logo\/image\/"},"sameAs":["https:\/\/facebook.com\/yoast"]}]}},"_links":{"self":[{"href":"https:\/\/sport-alencon.fr\/index.php\/wp-json\/wp\/v2\/pages\/2592"}],"collection":[{"href":"https:\/\/sport-alencon.fr\/index.php\/wp-json\/wp\/v2\/pages"}],"about":[{"href":"https:\/\/sport-alencon.fr\/index.php\/wp-json\/wp\/v2\/types\/page"}],"author":[{"embeddable":true,"href":"https:\/\/sport-alencon.fr\/index.php\/wp-json\/wp\/v2\/users\/1"}],"replies":[{"embeddable":true,"href":"https:\/\/sport-alencon.fr\/index.php\/wp-json\/wp\/v2\/comments?post=2592"}],"version-history":[{"count":4,"href":"https:\/\/sport-alencon.fr\/index.php\/wp-json\/wp\/v2\/pages\/2592\/revisions"}],"predecessor-version":[{"id":2597,"href":"https:\/\/sport-alencon.fr\/index.php\/wp-json\/wp\/v2\/pages\/2592\/revisions\/2597"}],"wp:attachment":[{"href":"https:\/\/sport-alencon.fr\/index.php\/wp-json\/wp\/v2\/media?parent=2592"}],"curies":[{"name":"wp","href":"https:\/\/api.w.org\/{rel}","templated":true}]}}